46*b + 1472. Determine d(-34).
-24
Let y(z) = -143*z + 45. Determine y(4).
-527
Let l(n) = -4*n**3 - 2120*n**2 - 16699*n + 65. Calculate l(-8).
25
Let b(d) = -2561*d + 1241. Determine b(1).
-1320
Let o(d) = -42*d**2 + 194*d - 4. Give o(5).
-84
Let i(w) = 691*w + 1685. Calculate i(-3).
-388
Let w(g) = -8572*g - 257167. Determine w(-30).
-7
Let m(j) = -j**3 + 86*j**2 - 206*j + 2905. What is m(84)?
-287
Let g(x) = x**3 - 17*x**2 + 802*x - 7511. What is g(10)?
-191
Let u(m) = -2*m**3 - 5*m**2 - 4*m + 24. What is u(11)?
-3287
Let j(a) = -10*a**3 - 2419*a**2 + 9682*a - 7. Calculate j(4).
-623
Let c(l) = 3*l**2 - 74*l - 168. Give c(30).
312
Let l(x) = x**3 + 202*x**2 - 2335*x - 153. Give l(11).
-65
Let z(y) = 830144*y + 1660363. Determine z(-2).
75
Let w(r) = r**3 - 11*r**2 + 218*r - 1560. Calculate w(8).
-8
Let t(h) = 121*h**2 - 14416*h + 1765. Give t(119).
-258
Let x(n) = 4*n**2 + 175*n - 424. What is x(-42)?
-718
Let b(m) = -772*m + 162487. Calculate b(210).
367
Let p(u) = u**3 - 40*u**2 + 2*u + 1661. What is p(-6)?
-7
Let v(t) = -680*t + 49621. Determine v(73).
-19
Let z(h) = 583*h**2 - 3527*h - 12. Calculate z(6).
-186
Let z(r) = -r**3 + 73*r**2 - 788*r - 505. Determine z(60).
-985
Let k(l) = -68*l + 3752. Calculate k(59).
-260
Let w(s) = -14803*s + 266328. Calculate w(18).
-126
Let l(t) = t**3 + 28*t**2 + 153*t + 2. Calculate l(-7).
-40
Let u(l) = -373*l**2 - 281985*l + 2286. Calculate u(-756).
18
Let f(x) = 1273*x + 7780. Determine f(-6).
142
Let j(h) = 14816*h - 192600. Determine j(13).
8
Let j(a) = 2*a**3 - 384*a**2 - 11841*a + 62. Calculate j(-27).
467
Let k(v) = -116*v - 425. Calculate k(1).
-541
Let s(n) = 307*n**3 + 4296*n**2 - 55*n - 378. Determine s(-14).
0
Let l(u) = u**3 + 17*u**2 - 25*u - 27. Give l(2).
-1
Let j(y) = 120*y**2 + 4192*y - 358. Calculate j(-35).
-78
Let w(f) = -2*f**3 - 335*f**2 - 2384*f + 2572. Determine w(-160).
12
Let g(x) = 193*x**2 + 16793*x + 559. Determine g(-87).
385
Let t(l) = -6*l**2 + 534*l + 4776. Calculate t(-9).
-516
Let x(d) = -d**2 - 1311*d - 14332. Calculate x(-11).
-32
Let j(x) = -3*x**3 + 23*x**2 + 20*x - 181. Determine j(6).
119
Let b(j) = -j**3 + 316*j**2 + 46339*j + 1540. Determine b(-109).
14
Let w(h) = -3*h**3 + 343*h**2 + 223*h + 867. Give w(115).
62
Let z(w) = 70*w**2 - 3492*w + 321. Calculate z(50).
721
Let p(c) = 16*c**3 + 494*c**2 - 81*c - 568. What is p(-31)?
21
Let q(d) = 1122*d + 4731. Determine q(-4).
243
Let u(x) = -717*x + 246825. Give u(344).
177
Let j(b) = b**3 + 5*b**2 - 31*b - 1204. What is j(10)?
-14
Let v(k) = -5*k**2 - 39*k - 111. What is v(-3)?
-39
Let b(y) = 2*y**3 - 5*y**2 + 122*y - 781. Determine b(6).
203
Let p(g) = g**3 - 24*g**2 - 72*g + 458. Give p(27).
701
Let a(q) = 20319*q + 134. Give a(0).
134
Let y(k) = -3*k**3 + 10*k**2 - 3*k - 65. Give y(4).
-109
Let m(f) = -3*f**3 + 14*f**2 - 236137*f + 944525. Determine m(4).
9
Let z(j) = -8*j**3 - 4*j**2 + 248*j + 2341. Calculate z(-9).
5617
Let v(a) = 1018*a**2 - 2886*a - 4738. Determine v(4).
6
Let z(w) = -2297*w + 300892. What is z(131)?
-15
Let u(r) = 2713*r + 1535549. Give u(-566).
-9
Let t(g) = -g**3 - 54*g**2 - 322*g + 225. Determine t(-47).
-104
Let f(u) = -22*u**3 + 2085*u**2 + 440*u + 3330. Give f(95).
5
Let m(r) = 6*r**2 - 70*r + 122. What is m(9)?
-22
Let v(h) = 9152*h - 72591. Give v(8).
625
Let o(r) = -r**3 + 105*r**2 + 3481*r - 322384. Give o(110).
26
Let p(t) = -t**2 + 147869*t - 887178. Calculate p(6).
0
Let l(k) = -6331*k - 32103. Calculate l(-5).
-448
Let g(c) = -c**2 - 27*c + 44. Determine g(-32).
-116
Let i(b) = -225*b - 34862. Calculate i(-155).
13
Let s(g) = 10*g**3 + 9097*g**2 + 6378*g + 13645. Determine s(-909).
10
Let c(v) = 9*v**3 - 324*v**2 + 157*v - 5671. Give c(36).
-19
Let a(m) = -2*m**2 + 5764*m - 4035845. What is a(1683)?
-11
Let m(k) = -2*k**2 - 659*k + 53075. Determine m(67).
-56
Let c(t) = 80*t + 11694. Determine c(-147).
-66
Let h(i) = -2*i**3 - 7*i**2 - 3*i + 386. Determine h(6).
-316
Let f(l) = -125215*l + 1252142. Give f(10).
-8
Let r(t) = -1781*t - 24260. Determine r(-13).
-1107
Let o(x) = 5*x**3 + 85*x**2 + 7*x + 28. Determine o(-18).
-1718
Let y(u) = 2*u**3 - 41*u**2 - 10*u + 1140. Give y(19).
-133
Let j(i) = 291*i - 100684. Calculate j(346).
2
Let w(f) = 510*f + 1903. Determine w(-1).
1393
Let x(d) = 14*d**2 - 217*d - 247. What is x(19)?
684
Let f(h) = -157*h - 55. Give f(-5).
730
Let h(j) = 317*j**2 - 245*j - 2. Give h(-1).
560
Let z(x) = -x**3 + 22*x**2 + 429*x + 153. Determine z(-11).
-573
Let n(g) = 2*g**3 + 696*g**2 - 1259*g + 49308. Determine n(-350).
-42
Let u(b) = -b**3 - 158*b**2 - 3634*b + 491. Calculate u(-130).
-289
Let a(i) = -2*i**2 + 138*i + 1290. Give a(52).
3058
Let r(l) = 6*l**2 + 11229*l + 67475. Give r(-6).
317
Let l(t) = 16*t + 167. Determine l(25).
567
Let o(z) = 6457*z - 11871. Determine o(2).
1043
Let n(s) = -1744*s + 6547. Determine n(4).
-429
Let w(y) = -109*y**3 - 3*y**2 - 19*y + 28. Calculate w(2).
-894
Let x(p) = 10*p**2 - 175*p - 414. Give x(22).
576
Let y(o) = -o**3 + 75*o**2 - 1636*o + 9097. Give y(39).
49
Let k(f) = -f**3 - 151*f**2 + 453*f - 1443. Give k(-154).
-57
Let z(q) = -111*q**2 + 1214*q + 111. Determine z(11).
34
Let z(h) = 1283*h + 492661. Give z(-384).
-11
Let s(n) = 7116*n + 7040. What is s(-1)?
-76
Let r(m) = -m**3 - 193*m**2 + 586*m + 567. Determine r(-196).
959
Let j(r) = 384*r + 1272. Give j(-4).
-264
Let y(b) = -b**3 + 4*b**2 + 3*b + 685. Calculate y(0).
685
Let y(a) = 581354*a + 581361. Calculate y(-1).
7
Let k(t) = -3*t**2 + 2747*t + 117520. Determine k(-41).
-150
Let d(j) = 2*j**2 + 1121*j - 182825. What is d(132)?
-5
Let q(g) = 7*g**2 - 5531*g + 77434. Calculate q(14).
1372
Let q(l) = -18*l**2 + 97*l + 500. Determine q(-5).
-435
Let t(s) = -s**3 - 55*s**2 + 3368*s + 183222. Calculate t(-52).
-26
Let w(p) = 2*p**3 + 36*p**2 - 991*p + 42. Calculate w(15).
27
Let j(m) = 2*m**2 + 448*m + 1334. Give j(0).
1334
Let b(n) = -37977*n - 1519085. Give b(-40).
-5
Let u(h) = -718*h - 9831. Determine u(-18).
3093
Let z(b) = 79*b**2 - 6244*b + 192. What is z(79)?
-45
Let v(g) = 2*g**2 + 29*g - 1553. Determine v(39).
2620
Let k(d) = -2*d**3 + 1244*d**2 - 87637*d - 264. Calculate k(81).
141
Let g(r) = -3*r**3 + 128*r**2 - 78*r + 5320. What is g(43)?
117
Let d(a) = -a**2 - 179*a + 24035. What is d(89)?
183
Let b(v) = -v**3 - 136*v**2 + 718*v + 20. Give b(-141).
-1813
Let c(o) = 2347*o + 106237. Determine c(-44).
2969
Let p(v) = -270*v**2 - 15659*v + 53. Give p(-58).
-5
Let h(b) = -17*b**2 - 83*b + 3152. Give h(-16).
128
Let g(p) = -43*p**3 - 50*p**2 + 16*p + 17. Give g(-1).
-6
Let b(m) = -m**2 - 67898*m - 407355. Determine b(-6).
-3
Let v(b) = -319227*b + 638467. Determine v(2).
13
Let t(o) = -o**3 + 58*o**2 - 875*o + 23750. Determine t(50).
0
Let g(l) = -l**3 - 153*l**2 + 7662*l - 11191. Determine g(-193).
3
Let r(j) = -3*j**2 + 7030*j + 42223. What is r(-6)?
-65
Let g(i) = 319*i + 2285. Determine g(-1).
1966
Let u(r) = r**3 - 6*r**2 - 154*r + 142. Determine u(14).
-446
Let j(f) = -149*f**2 + 5151*f + 7711. Calculate j(36).
43
Let i(j) = 2*j**2 - 719*j - 7108. What is i(369)?
-97
Let d(r) = -r**3 - 219*r**2 - 855*r + 1065. Determine d(-215).
-10
Let g(s) = 2*s**3 + 452*s**2 + 874*s + 197527. Calculate g(-226).
3
Let z(d) = -406*d**2 + 2838*d - 6. Determine z(7).
-34
Let c(s) = -233435*s + 1400606. Determine c(6).
-4
Let q(s) = -7*s**2 + 39681*s + 238318. What is q(-6)?
-20
Let h(g) = -129*g + 12779. Calculate h(100).
-121
Let p(q) = -671923*q - 5375369. Determine p(-8).
15
Let r(w) = 829*w + 114. What is r(0)?
114
Let n(s) = -136*s**2 + 297*s + 1199. Determine n(-4).
-2165
Let s(b) = -23*b**2 + 15*b - 209. Determine s(13).
-3901
Let k(y) = -10*y**3 + 8*y**2 - 11*y - 303. What is k(-8)?
5417
Let l(i) = 2*i**2 + 971*i - 11994. Determine l(12).
-54
Let j(b) = -4*b**2 + 614*b - 3056. What is j(5)?
-86
Let b(p) = -p**3 + 6*p**2 + 457*p - 4731. Determine b(12).
-111
Let r(o) = 5*o**3 - 6390*o**2 + 12764*o - 5131. Give r(1276).
-27
Let y(g) = g**3 - 2*g**2 + 33*g + 72. Calculate y(10).
1202
Let x(m) = 22621*m - 264. Calculate x(0).
-264
Let g(l) = -6*l**2 - 231*l - 4582. What is g(-24)?
-2494
Let g(h) = -h**3 - 19*h**2 - 112*h - 197. Give g(-6).
7
Let w(o) = -181*o - 63007. What is w(-348)?
-19
Let v(n) = n**3 - 64*n**2 + 207*n - 22379. Calculate v(